illions digit of 1210136314?
1
What is the ten thousands digit of 20463491?
6
What is the ten millions digit of 4130809025?
3
What is the ten thousands digit of 57789120?
8
What is the hundreds digit of 1664833963?
9
What is the hundreds digit of 626590983?
9
What is the units digit of 200333902?
2
What is the tens digit of 471073246?
4
What is the units digit of 295422327?
7
What is the hundreds digit of 668222237?
2
What is the ten thousands digit of 156263004?
6
What is the billions digit of 1168915551?
1
What is the tens digit of 158451168?
6
What is the hundreds digit of 30824222?
2
What is the units digit of 3528761433?
3
What is the hundreds digit of 3882385?
3
What is the millions digit of 464423179?
4
What is the millions digit of 103026936?
3
What is the hundred thousands digit of 50759962?
7
What is the hundred millions digit of 1076370539?
0
What is the tens digit of 661452685?
8
What is the thousands digit of 109794138?
4
What is the ten thousands digit of 88538031?
3
What is the tens digit of 210607736?
3
What is the billions digit of 3268814583?
3
What is the thousands digit of 4283767107?
7
What is the hundred millions digit of 2811116527?
8
What is the units digit of 1853802?
2
What is the hundreds digit of 24778147?
1
What is the thousands digit of 3281806433?
6
What is the ten millions digit of 57353463?
5
What is the billions digit of 3524848967?
3
What is the hundred millions digit of 3268745419?
2
What is the ten thousands digit of 188849555?
4
What is the units digit of 971152093?
3
What is the units digit of 465499591?
1
What is the units digit of 79068150?
0
What is the hundreds digit of 604885108?
1
What is the thousands digit of 87430830?
0
What is the units digit of 41147639?
9
What is the ten thousands digit of 2270790605?
9
What is the ten millions digit of 150629012?
5
What is the millions digit of 1301107990?
1
What is the hundreds digit of 900529533?
5
What is the units digit of 24200251?
1
What is the thousands digit of 26135971?
5
What is the thousands digit of 184920207?
0
What is the hundreds digit of 300306273?
2
What is the units digit of 56073444?
4
What is the millions digit of 1955886845?
5
What is the hundreds digit of 132238267?
2
What is the hundred thousands digit of 185204420?
2
What is the thousands digit of 347075729?
5
What is the ten millions digit of 286099035?
8
What is the hundreds digit of 323653753?
7
What is the millions digit of 699651966?
9
What is the tens digit of 3195366735?
3
What is the billions digit of 1234407455?
1
What is the ten thousands digit of 1916057519?
5
What is the millions digit of 582843049?
2
What is the hundred thousands digit of 13827413?
8
What is the thousands digit of 74305172?
5
What is the hundreds digit of 21356856?
8
What is the billions digit of 6274306148?
6
What is the hundred thousands digit of 418364747?
3
What is the millions digit of 297191122?
7
What is the thousands digit of 108981194?
1
What is the ten thousands digit of 37130324?
3
What is the tens digit of 372372485?
8
What is the millions digit of 141281520?
1
What is the hundred millions digit of 1951931390?
9
What is the ten thousands digit of 17576189?
7
What is the hundreds digit of 4642956070?
0
What is the millions digit of 2608891009?
8
What is the ten thousands digit of 231814238?
1
What is the ten thousands digit of 315872603?
7
What is the units digit of 906837817?
7
What is the hundred thousands digit of 3326985627?
9
What is the tens digit of 2999019244?
4
What is the thousands digit of 3877853184?
3
What is the hundred thousands digit of 3085348467?
3
What is the hundreds digit of 546196462?
4
What is the hundred millions digit of 1747123629?
7
What is the millions digit of 473080663?
3
What is the hundred thousands digit of 1302238947?
2
What is the millions digit of 130611045?
0
What is the ten thousands digit of 7582983998?
8
What is the hundred thousands digit of 722448700?
4
What is the ten thousands digit of 62456572?
5
What is the units digit of 145385217?
7
What is the units digit of 249354675?
5
What is the hundred millions digit of 123152142?
1
What is the ten millions digit of 3653939258?
5
What is the thousands digit of 3531395878?
5
What is the hundreds digit of 78322549?
5
What is the units digit of 7707012215?
5
What is the thousands digit of 26239374?
9
What is the thousands digit of 254916688?
6
What is the thousands digit of 2055695?
5
What is the hundred thousands digit of 187947637?
9
What is the units digit of 24410295?
5
What is the ten millions digit of 31349508?
3
What is the units digit of 4776115?
5
What is the millions digit of 6462655729?
2
What is the hundred millions digit of 470226266?
4
What is the hundreds digit of 40481182?
1
What is the ten thousands digit of 663045125?
4
What is the ten thousands digit of 38467662?
6
What is the ten millions digit of 2060190678?
6
What is the millions digit of 974339100?
4
What is the ten millions digit of 314944109?
1
What is the ten thousands digit of 69646238?
4
What is the ten thousands digit of 92693470?
9
What is the tens digit of 5530503629?
2
What is the millions digit of 66102227?
6
What is the ten millions digit of 3480365398?
8
What is the hundreds digit of 347168185?
1
What is the hundred thousands digit of 8381850?
3
What is the tens digit of 316129682?
8
What is the ten thousands digit of 49145401?
4
What is the tens digit of 1985045201?
0
What is the hundreds digit of 7966067680?
6
What is the ten thousands digit of 128135974?
3
What is the ten thousands digit of 940836818?
3
What is the tens digit of 6815905593?
9
What is the hundred thousands digit of 75635061?
6
What is the hundreds digit of 82134448?
4
What is the hundred thousands digit of 90385091?
3
What is the units digit of 372479739?
9
What is the hundreds digit of 106328506?
5
What is the thousands digit of 1149833856?
3
What is the units digit of 79998488?
8
What is the tens digit of 129754897?
9
What is the hundreds digit of 64972907?
9
What is the ten thousands digit of 224686472?
8
What is the ten millions digit of 176467133?
7
What is the hundreds digit of 65308559?
5
What is the hundreds digit of 476758233?
2
What is the tens digit of 49563732?
3
What is the ten thousands digit of 25662365?
6
What is the ten thousands digit of 91107281?
0
What is the thousands digit of 1171455361?
5
What is the hundred thousands digit of 105248439?
2
What is the tens digit of 34079887?
8
What is the units digit of 17910788?
8
What is the tens digit of 4763704920?
2
What is the hundreds digit of 46963752?
7
What is the hundred millions digit of 743928215?
7
What is the millions digit of 3173934961?
3
What is the millions digit of 1470751570?
0
What is the hundreds digit of 1481415748?
7
What is the hundreds digit of 124058209?
2
What is the hundreds digit of 13158871?
8
What is the tens digit of 2237475649?
4
What is the units digit of 172843286?
6
What is the ten thousands digit of 277122302?
2
What is the thousands digit of 212829608?
9
What is the billions digit of 2206213215?
2
What is the thousands digit of 5309437019?
7
What is the units digit of 29588509?
9
What is the thousands digit of 426881006?
1
What is the tens digit of 7244616461?
6
What is the thousands digit of 590894826?
4
What is the thousands digit of 2456469970?
9
What is the millions digit of 44588963?
4
What is the ten millions digit of 4738168175?
3
What is the ten millions digit of 294175661?
9
What is the hundreds digit of 70875211?
2
What is the hundreds digit of 1120311900?
9
What is the millions digit of 9160003158?
0
What is the tens digit of 18487573?
7
What is the hundred millions digit of 1151078295?
1
What is the hundred millions digit of 150198620?
1
What is the tens digit of 89782393?
9
What is the millions digit of 100455826?
0
What is the thousands digit of 130987681?
7
What is the hundred millions digit of 3501157025?
5
What is the thousands digit of 520602084?
2
What is the ten thousands digit of 362768147?
6
What is the tens digit of 24589004?
0
What is the millions digit of 70038184?
0
What is the tens digit of 45295449?
4
What is the hundreds digit of 629717580?
5
What is the hundreds digit of 164223129?
1
What is the hundred thousands digit of 4560590